{"id":298,"date":"2024-06-27T15:13:00","date_gmt":"2024-06-27T15:13:00","guid":{"rendered":"https:\/\/etoilefcv2.karita.fr\/?page_id=298"},"modified":"2024-12-03T14:46:13","modified_gmt":"2024-12-03T13:46:13","slug":"projet-grand-stade-copy","status":"publish","type":"page","link":"https:\/\/etoilefcv2.karita.fr\/?page_id=298","title":{"rendered":"Acad\u00e9mie"},"content":{"rendered":"\t\t<div data-elementor-type=\"wp-page\" data-elementor-id=\"298\" class=\"elementor elementor-298\" data-elementor-post-type=\"page\">\n\t\t\t\t<div data-particle_enable=\"false\" data-particle-mobile-disabled=\"false\" class=\"elementor-element elementor-element-47276bc e-con-full elementor-hidden-tablet elementor-hidden-mobile e-flex e-con e-parent\" data-id=\"47276bc\" data-element_type=\"container\" data-settings=\"{&quot;background_background&quot;:&quot;classic&quot;,&quot;jet_parallax_layout_list&quot;:[]}\">\n\t\t\t\t<\/div>\n\t\t<div data-particle_enable=\"false\" data-particle-mobile-disabled=\"false\" class=\"elementor-element elementor-element-3cf0610 elementor-hidden-desktop e-con-full e-flex e-con e-parent\" data-id=\"3cf0610\" data-element_type=\"container\" data-settings=\"{&quot;jet_parallax_layout_list&quot;:[]}\">\n\t\t\t\t<div class=\"elementor-element elementor-element-cf759e9 elementor-widget elementor-widget-image\" data-id=\"cf759e9\" data-element_type=\"widget\" data-widget_type=\"image.default\">\n\t\t\t\t<div class=\"elementor-widget-container\">\n\t\t\t\t\t\t\t\t\t\t\t\t\t\t\t<img fetchpriority=\"high\" decoding=\"async\" width=\"1700\" height=\"750\" src=\"https:\/\/etoilefcv2.karita.fr\/wp-content\/uploads\/2024\/06\/Header-histoire.jpg\" class=\"attachment-full size-full wp-image-152\" alt=\"\" srcset=\"https:\/\/etoilefcv2.karita.fr\/wp-content\/uploads\/2024\/06\/Header-histoire.jpg 1700w, https:\/\/etoilefcv2.karita.fr\/wp-content\/uploads\/2024\/06\/Header-histoire-300x132.jpg 300w, https:\/\/etoilefcv2.karita.fr\/wp-content\/uploads\/2024\/06\/Header-histoire-1024x452.jpg 1024w, https:\/\/etoilefcv2.karita.fr\/wp-content\/uploads\/2024\/06\/Header-histoire-768x339.jpg 768w, https:\/\/etoilefcv2.karita.fr\/wp-content\/uploads\/2024\/06\/Header-histoire-1536x678.jpg 1536w, https:\/\/etoilefcv2.karita.fr\/wp-content\/uploads\/2024\/06\/Header-histoire-1200x529.jpg 1200w\" sizes=\"(max-width: 1700px) 100vw, 1700px\" \/>\t\t\t\t\t\t\t\t\t\t\t\t\t\t\t<\/div>\n\t\t\t\t<\/div>\n\t\t\t\t<\/div>\n\t\t<div data-particle_enable=\"false\" data-particle-mobile-disabled=\"false\" class=\"elementor-element elementor-element-5cc01a0 e-flex e-con-boxed e-con e-parent\" data-id=\"5cc01a0\" data-element_type=\"container\" data-settings=\"{&quot;background_background&quot;:&quot;classic&quot;,&quot;jet_parallax_layout_list&quot;:[]}\">\n\t\t\t\t\t<div class=\"e-con-inner\">\n\t\t<div data-particle_enable=\"false\" data-particle-mobile-disabled=\"false\" class=\"elementor-element elementor-element-c689969 e-con-full e-flex e-con e-child\" data-id=\"c689969\" data-element_type=\"container\" data-settings=\"{&quot;background_background&quot;:&quot;classic&quot;,&quot;jet_parallax_layout_list&quot;:[]}\">\n\t\t<div data-particle_enable=\"false\" data-particle-mobile-disabled=\"false\" class=\"elementor-element elementor-element-24683ce e-con-full e-flex e-con e-child\" data-id=\"24683ce\" data-element_type=\"container\" data-settings=\"{&quot;jet_parallax_layout_list&quot;:[]}\">\n\t\t<div data-particle_enable=\"false\" data-particle-mobile-disabled=\"false\" class=\"elementor-element elementor-element-86aa729 e-con-full e-flex e-con e-child\" data-id=\"86aa729\" data-element_type=\"container\" data-settings=\"{&quot;jet_parallax_layout_list&quot;:[]}\">\n\t\t\t\t<div class=\"elementor-element elementor-element-278a865 elementor-widget elementor-widget-heading\" data-id=\"278a865\" data-element_type=\"widget\" data-widget_type=\"heading.default\">\n\t\t\t\t<div class=\"elementor-widget-container\">\n\t\t\t\t\t<h2 class=\"elementor-heading-title elementor-size-default\">Acad\u00e9mie<\/h2>\t\t\t\t<\/div>\n\t\t\t\t<\/div>\n\t\t\t\t<div class=\"elementor-element elementor-element-f13e1a5 elementor-widget-divider--view-line elementor-widget elementor-widget-divider\" data-id=\"f13e1a5\" data-element_type=\"widget\" data-widget_type=\"divider.default\">\n\t\t\t\t<div class=\"elementor-widget-container\">\n\t\t\t\t\t\t\t<div class=\"elementor-divider\">\n\t\t\t<span class=\"elementor-divider-separator\">\n\t\t\t\t\t\t<\/span>\n\t\t<\/div>\n\t\t\t\t\t\t<\/div>\n\t\t\t\t<\/div>\n\t\t\t\t<\/div>\n\t\t<div data-particle_enable=\"false\" data-particle-mobile-disabled=\"false\" class=\"elementor-element elementor-element-fdb58bb e-con-full e-flex e-con e-child\" data-id=\"fdb58bb\" data-element_type=\"container\" data-settings=\"{&quot;jet_parallax_layout_list&quot;:[]}\">\n\t\t<div data-particle_enable=\"false\" data-particle-mobile-disabled=\"false\" class=\"elementor-element elementor-element-f50e4fa e-con-full e-flex e-con e-child\" data-id=\"f50e4fa\" data-element_type=\"container\" data-settings=\"{&quot;jet_parallax_layout_list&quot;:[]}\">\n\t\t\t\t<div class=\"elementor-element elementor-element-ec7d34d elementor-widget elementor-widget-heading\" data-id=\"ec7d34d\" data-element_type=\"widget\" data-widget_type=\"heading.default\">\n\t\t\t\t<div class=\"elementor-widget-container\">\n\t\t\t\t\t<h2 class=\"elementor-heading-title elementor-size-default\">Les \u00e9quipes<\/h2>\t\t\t\t<\/div>\n\t\t\t\t<\/div>\n\t\t\t\t<div class=\"elementor-element elementor-element-7128f62 elementor-widget-divider--view-line elementor-widget elementor-widget-divider\" data-id=\"7128f62\" data-element_type=\"widget\" data-widget_type=\"divider.default\">\n\t\t\t\t<div class=\"elementor-widget-container\">\n\t\t\t\t\t\t\t<div class=\"elementor-divider\">\n\t\t\t<span class=\"elementor-divider-separator\">\n\t\t\t\t\t\t<\/span>\n\t\t<\/div>\n\t\t\t\t\t\t<\/div>\n\t\t\t\t<\/div>\n\t\t\t\t<\/div>\n\t\t\t\t<\/div>\n\t\t\t\t<div class=\"elementor-element elementor-element-dd8a523 elementor-widget elementor-widget-eael-adv-tabs\" data-id=\"dd8a523\" data-element_type=\"widget\" data-widget_type=\"eael-adv-tabs.default\">\n\t\t\t\t<div class=\"elementor-widget-container\">\n\t\t\t\t\t        <div data-scroll-on-click=\"no\" data-scroll-speed=\"300\" id=\"eael-advance-tabs-dd8a523\" class=\"eael-advance-tabs eael-tabs-horizontal eael-tab-auto-active eael-tab-toggle\" data-tabid=\"dd8a523\">\n            <div class=\"eael-tabs-nav\">\n                <ul class=\"eael-tab-top-icon\" role=\"tablist\">\n                                            <li id=\"r2\" class=\"inactive eael-tab-item-trigger eael-tab-nav-item\" aria-selected=\"true\" data-tab=\"1\" role=\"tab\" tabindex=\"0\" aria-controls=\"r2-tab\" aria-expanded=\"false\">\n                            \n                                                        \n                            \n                                                            <span class=\"eael-tab-title title-after-icon\" >R2<\/span>                                                    <\/li>\n                                            <li id=\"d2\" class=\"inactive eael-tab-item-trigger eael-tab-nav-item\" aria-selected=\"false\" data-tab=\"2\" role=\"tab\" tabindex=\"-1\" aria-controls=\"d2-tab\" aria-expanded=\"false\">\n                            \n                                                        \n                            \n                                                            <span class=\"eael-tab-title title-after-icon\" >D2<\/span>                                                    <\/li>\n                                            <li id=\"u20-r1\" class=\"inactive eael-tab-item-trigger eael-tab-nav-item\" aria-selected=\"false\" data-tab=\"3\" role=\"tab\" tabindex=\"-1\" aria-controls=\"u20-r1-tab\" aria-expanded=\"false\">\n                            \n                                                        \n                            \n                                                            <span class=\"eael-tab-title title-after-icon\" >U20 R1<\/span>                                                    <\/li>\n                                            <li id=\"u18-r2\" class=\"inactive eael-tab-item-trigger eael-tab-nav-item\" aria-selected=\"false\" data-tab=\"4\" role=\"tab\" tabindex=\"-1\" aria-controls=\"u18-r2-tab\" aria-expanded=\"false\">\n                            \n                                                        \n                            \n                                                            <span class=\"eael-tab-title title-after-icon\" >U18 R2<\/span>                                                    <\/li>\n                                            <li id=\"u17-r1-d1\" class=\"inactive eael-tab-item-trigger eael-tab-nav-item\" aria-selected=\"false\" data-tab=\"5\" role=\"tab\" tabindex=\"-1\" aria-controls=\"u17-r1-d1-tab\" aria-expanded=\"false\">\n                            \n                                                        \n                            \n                                                            <span class=\"eael-tab-title title-after-icon\" >U17 R1 \/ D1<\/span>                                                    <\/li>\n                                            <li id=\"u16-r2-d1\" class=\"inactive eael-tab-item-trigger eael-tab-nav-item\" aria-selected=\"false\" data-tab=\"6\" role=\"tab\" tabindex=\"-1\" aria-controls=\"u16-r2-d1-tab\" aria-expanded=\"false\">\n                            \n                                                        \n                            \n                                                            <span class=\"eael-tab-title title-after-icon\" >U16 R2 \/ D1<\/span>                                                    <\/li>\n                                    <\/ul>\n            <\/div>\n            \n            <div class=\"eael-tabs-content\">\n\t\t        \n                    <div id=\"r2-tab\" class=\"clearfix eael-tab-content-item inactive\" data-title-link=\"r2-tab\">\n\t\t\t\t        <p><strong>R\u00e9gional 2\u00a0<\/strong><\/p><p>Entraineur(s) : KHELIL Khemissi &#8211; FONTUGNE Thomas<\/p><p><strong>Ligue m\u00e9diterran\u00e9e :<\/strong> Poule A<\/p><p>Entrainement :<\/p><ul><li>Mardi : 19h00 &#8211; 21h00<\/li><li>Mercredi : 19h00 &#8211; 21h00<\/li><li>Vendredi : 19h00 &#8211; 21h00<\/li><\/ul>                    <\/div>\n\t\t        \n                    <div id=\"d2-tab\" class=\"clearfix eael-tab-content-item inactive\" data-title-link=\"d2-tab\">\n\t\t\t\t        <p><strong>D\u00e9partemental\u00a0 2\u00a0<\/strong><\/p><p>Entraineur(s) : BOUCHER Eric<\/p><p><strong>Disctrict du Var :<\/strong> Poule B<\/p><p>Entrainement :<\/p><ul><li>Mardi : 19h00 &#8211; 21h00<\/li><li>Jeudi : 19h00 &#8211; 21h00<\/li><\/ul>                    <\/div>\n\t\t        \n                    <div id=\"u20-r1-tab\" class=\"clearfix eael-tab-content-item inactive\" data-title-link=\"u20-r1-tab\">\n\t\t\t\t        <p><strong>R\u00e9gional 1\u00a0<\/strong><\/p><p>Entraineur(s) : KRAKOWSKI Richard &#8211; LAVAUX Brandon<\/p><p><strong>Ligue m\u00e9diterran\u00e9e :<\/strong> Poule C<\/p><p>Entrainement :<\/p><ul><li>Lundi : 19h00 &#8211; 21h00<\/li><li>Mercredi : 19h00 &#8211; 21h00<\/li><li>Jeudi : 19h00 &#8211; 21h00<\/li><\/ul>                    <\/div>\n\t\t        \n                    <div id=\"u18-r2-tab\" class=\"clearfix eael-tab-content-item inactive\" data-title-link=\"u18-r2-tab\">\n\t\t\t\t        <p><strong>R\u00e9gional 2\u00a0<\/strong><\/p><p>Entraineur(s) : SCHOEPFERT Sylvain- EVRARD S\u00e9bastien<\/p><p><strong>Ligue m\u00e9diterran\u00e9e :<\/strong> Poule unique<\/p><p>Entrainement :<\/p><ul><li>Lundi : 19h00 &#8211; 21h00<\/li><li>Mercredi : 19h00 &#8211; 21h00<\/li><li>Vendredi : 19h00 &#8211; 21h00<\/li><\/ul>                    <\/div>\n\t\t        \n                    <div id=\"u17-r1-d1-tab\" class=\"clearfix eael-tab-content-item inactive\" data-title-link=\"u17-r1-d1-tab\">\n\t\t\t\t        <p><strong>R\u00e9gional 1\u00a0<\/strong><\/p><p>Entraineur(s) : GALLERNE Anthony &#8211; GALLERNE David<\/p><p><strong>Ligue m\u00e9diterran\u00e9e :<\/strong> Poule A<\/p><p>Entrainement :<\/p><ul><li>Mardi : 19h00 &#8211; 21h00<\/li><li>Mercredi : 19h00 &#8211; 21h00<\/li><li>Vendredi : 19h00 &#8211; 21h00<\/li><\/ul><p><strong>D\u00e9partementale 1\u00a0<\/strong><\/p><p>Entraineur(s) :VASIC Ivan &#8211; LOPES C\u00e9dric<\/p><p><strong>District du Var :<\/strong> Poule unique<\/p><p>Entrainement :<\/p><ul><li>Lundi : 19h00 &#8211; 21h00<\/li><li>Mercredi : 19h00 &#8211; 21h00<\/li><li>Vendredi : 19h00 &#8211; 21h00<\/li><\/ul>                    <\/div>\n\t\t        \n                    <div id=\"u16-r2-d1-tab\" class=\"clearfix eael-tab-content-item inactive\" data-title-link=\"u16-r2-d1-tab\">\n\t\t\t\t        <p><strong>R\u00e9gional 2<\/strong><\/p><p>Entraineur(s) : MONTANES Tomas &#8211; RANGUIS Tony<\/p><p><strong>Ligue m\u00e9diterran\u00e9e :<\/strong> Poule unique<\/p><p>Entrainement :<\/p><ul><li>Mardi : 19h00 &#8211; 21h00<\/li><li>Mercredi : 15h30 &#8211; 17h30<\/li><li>Vendredi : 19h00 &#8211; 21h00<\/li><\/ul><p><strong>D\u00e9partementale 1\u00a0<\/strong><\/p><p>Entraineur(s) : TOURE Youssouf<\/p><p><strong>District du Var :<\/strong> Poule unique<\/p><p>Entrainement :<\/p><ul><li>Mardi : 17h30 &#8211; 19h00<\/li><li>Mercredi : 15h30 &#8211; 17h30<\/li><li>Vendredi : 17h30 &#8211; 19h00<\/li><\/ul>                    <\/div>\n\t\t                    <\/div>\n        <\/div>\n\t\t\t\t<\/div>\n\t\t\t\t<\/div>\n\t\t\t\t<\/div>\n\t\t\t\t<\/div>\n\t\t\t\t\t<\/div>\n\t\t\t\t<\/div>\n\t\t<div data-particle_enable=\"false\" data-particle-mobile-disabled=\"false\" class=\"elementor-element elementor-element-76265ae e-flex e-con-boxed e-con e-parent\" data-id=\"76265ae\" data-element_type=\"container\" data-settings=\"{&quot;background_background&quot;:&quot;classic&quot;,&quot;jet_parallax_layout_list&quot;:[]}\">\n\t\t\t\t\t<div class=\"e-con-inner\">\n\t\t<div data-particle_enable=\"false\" data-particle-mobile-disabled=\"false\" class=\"elementor-element elementor-element-b789254 e-con-full e-flex e-con e-child\" data-id=\"b789254\" data-element_type=\"container\" data-settings=\"{&quot;background_background&quot;:&quot;classic&quot;,&quot;jet_parallax_layout_list&quot;:[]}\">\n\t\t<div data-particle_enable=\"false\" data-particle-mobile-disabled=\"false\" class=\"elementor-element elementor-element-d5a6d22 e-con-full e-flex e-con e-child\" data-id=\"d5a6d22\" data-element_type=\"container\" data-settings=\"{&quot;jet_parallax_layout_list&quot;:[]}\">\n\t\t<div data-particle_enable=\"false\" data-particle-mobile-disabled=\"false\" class=\"elementor-element elementor-element-eaacc35 e-con-full e-flex e-con e-child\" data-id=\"eaacc35\" data-element_type=\"container\" data-settings=\"{&quot;jet_parallax_layout_list&quot;:[]}\">\n\t\t\t\t<div class=\"elementor-element elementor-element-f0e5e12 elementor-widget elementor-widget-heading\" data-id=\"f0e5e12\" data-element_type=\"widget\" data-widget_type=\"heading.default\">\n\t\t\t\t<div class=\"elementor-widget-container\">\n\t\t\t\t\t<h2 class=\"elementor-heading-title elementor-size-default\">Labels<\/h2>\t\t\t\t<\/div>\n\t\t\t\t<\/div>\n\t\t\t\t<div class=\"elementor-element elementor-element-f6ee93a elementor-widget-divider--view-line elementor-widget elementor-widget-divider\" data-id=\"f6ee93a\" data-element_type=\"widget\" data-widget_type=\"divider.default\">\n\t\t\t\t<div class=\"elementor-widget-container\">\n\t\t\t\t\t\t\t<div class=\"elementor-divider\">\n\t\t\t<span class=\"elementor-divider-separator\">\n\t\t\t\t\t\t<\/span>\n\t\t<\/div>\n\t\t\t\t\t\t<\/div>\n\t\t\t\t<\/div>\n\t\t\t\t<\/div>\n\t\t<div data-particle_enable=\"false\" data-particle-mobile-disabled=\"false\" class=\"elementor-element elementor-element-126cd82 e-con-full e-flex e-con e-child\" data-id=\"126cd82\" data-element_type=\"container\" data-settings=\"{&quot;jet_parallax_layout_list&quot;:[]}\">\n\t\t<div data-particle_enable=\"false\" data-particle-mobile-disabled=\"false\" class=\"elementor-element elementor-element-13c08be e-con-full e-flex e-con e-child\" data-id=\"13c08be\" data-element_type=\"container\" data-settings=\"{&quot;jet_parallax_layout_list&quot;:[]}\">\n\t\t\t\t<div class=\"elementor-element elementor-element-7c34dcf elementor-widget elementor-widget-image\" data-id=\"7c34dcf\" data-element_type=\"widget\" data-widget_type=\"image.default\">\n\t\t\t\t<div class=\"elementor-widget-container\">\n\t\t\t\t\t\t\t\t\t\t\t\t\t\t\t\t<a href=\"https:\/\/www.fff.fr\/\">\n\t\t\t\t\t\t\t<img decoding=\"async\" width=\"272\" height=\"300\" src=\"https:\/\/etoilefcv2.karita.fr\/wp-content\/uploads\/2024\/06\/fff_ecole_feminine.jpg\" class=\"attachment-medium size-medium wp-image-299\" alt=\"\" \/>\t\t\t\t\t\t\t\t<\/a>\n\t\t\t\t\t\t\t\t\t\t\t\t\t\t\t<\/div>\n\t\t\t\t<\/div>\n\t\t\t\t<\/div>\n\t\t<div data-particle_enable=\"false\" data-particle-mobile-disabled=\"false\" class=\"elementor-element elementor-element-2cbf7a8 e-con-full e-flex e-con e-child\" data-id=\"2cbf7a8\" data-element_type=\"container\" data-settings=\"{&quot;jet_parallax_layout_list&quot;:[]}\">\n\t\t\t\t<div class=\"elementor-element elementor-element-4466782 elementor-widget elementor-widget-image\" data-id=\"4466782\" data-element_type=\"widget\" data-widget_type=\"image.default\">\n\t\t\t\t<div class=\"elementor-widget-container\">\n\t\t\t\t\t\t\t\t\t\t\t\t\t\t\t<img decoding=\"async\" width=\"272\" height=\"300\" src=\"https:\/\/etoilefcv2.karita.fr\/wp-content\/uploads\/2024\/06\/fff_jeune.jpg\" class=\"attachment-medium size-medium wp-image-300\" alt=\"\" \/>\t\t\t\t\t\t\t\t\t\t\t\t\t\t\t<\/div>\n\t\t\t\t<\/div>\n\t\t\t\t<\/div>\n\t\t\t\t<\/div>\n\t\t\t\t<\/div>\n\t\t<div data-particle_enable=\"false\" data-particle-mobile-disabled=\"false\" class=\"elementor-element elementor-element-bf1514e e-con-full e-flex e-con e-child\" data-id=\"bf1514e\" data-element_type=\"container\" data-settings=\"{&quot;jet_parallax_layout_list&quot;:[]}\">\n\t\t<div data-particle_enable=\"false\" data-particle-mobile-disabled=\"false\" class=\"elementor-element elementor-element-8bec9e3 e-con-full e-flex e-con e-child\" data-id=\"8bec9e3\" data-element_type=\"container\" data-settings=\"{&quot;jet_parallax_layout_list&quot;:[]}\">\n\t\t\t\t<div class=\"elementor-element elementor-element-ea487e2 elementor-widget elementor-widget-heading\" data-id=\"ea487e2\" data-element_type=\"widget\" data-widget_type=\"heading.default\">\n\t\t\t\t<div class=\"elementor-widget-container\">\n\t\t\t\t\t<h2 class=\"elementor-heading-title elementor-size-default\">Les partenaires de l'Acad\u00e9mie<\/h2>\t\t\t\t<\/div>\n\t\t\t\t<\/div>\n\t\t\t\t<div class=\"elementor-element elementor-element-1e47d69 elementor-widget-divider--view-line elementor-widget elementor-widget-divider\" data-id=\"1e47d69\" data-element_type=\"widget\" data-widget_type=\"divider.default\">\n\t\t\t\t<div class=\"elementor-widget-container\">\n\t\t\t\t\t\t\t<div class=\"elementor-divider\">\n\t\t\t<span class=\"elementor-divider-separator\">\n\t\t\t\t\t\t<\/span>\n\t\t<\/div>\n\t\t\t\t\t\t<\/div>\n\t\t\t\t<\/div>\n\t\t\t\t<\/div>\n\t\t<div data-particle_enable=\"false\" data-particle-mobile-disabled=\"false\" class=\"elementor-element elementor-element-1a8687d e-con-full e-flex e-con e-child\" data-id=\"1a8687d\" data-element_type=\"container\" data-settings=\"{&quot;jet_parallax_layout_list&quot;:[]}\">\n\t\t<div data-particle_enable=\"false\" data-particle-mobile-disabled=\"false\" class=\"elementor-element elementor-element-9ec18b3 e-con-full e-flex e-con e-child\" data-id=\"9ec18b3\" data-element_type=\"container\" data-settings=\"{&quot;jet_parallax_layout_list&quot;:[]}\">\n\t\t\t\t<div class=\"elementor-element elementor-element-5982c9b elementor-widget elementor-widget-image\" data-id=\"5982c9b\" data-element_type=\"widget\" data-widget_type=\"image.default\">\n\t\t\t\t<div class=\"elementor-widget-container\">\n\t\t\t\t\t\t\t\t\t\t\t\t\t\t\t<img loading=\"lazy\" decoding=\"async\" width=\"446\" height=\"264\" src=\"https:\/\/etoilefcv2.karita.fr\/wp-content\/uploads\/2024\/09\/ESTEREL.png\" class=\"attachment-large size-large wp-image-1644\" alt=\"\" srcset=\"https:\/\/etoilefcv2.karita.fr\/wp-content\/uploads\/2024\/09\/ESTEREL.png 446w, https:\/\/etoilefcv2.karita.fr\/wp-content\/uploads\/2024\/09\/ESTEREL-300x178.png 300w\" sizes=\"(max-width: 446px) 100vw, 446px\" \/>\t\t\t\t\t\t\t\t\t\t\t\t\t\t\t<\/div>\n\t\t\t\t<\/div>\n\t\t\t\t<\/div>\n\t\t<div data-particle_enable=\"false\" data-particle-mobile-disabled=\"false\" class=\"elementor-element elementor-element-9dfc0cc e-con-full e-flex e-con e-child\" data-id=\"9dfc0cc\" data-element_type=\"container\" data-settings=\"{&quot;jet_parallax_layout_list&quot;:[]}\">\n\t\t\t\t<div class=\"elementor-element elementor-element-2a828c6 elementor-widget elementor-widget-image\" data-id=\"2a828c6\" data-element_type=\"widget\" data-widget_type=\"image.default\">\n\t\t\t\t<div class=\"elementor-widget-container\">\n\t\t\t\t\t\t\t\t\t\t\t\t\t\t\t<img loading=\"lazy\" decoding=\"async\" width=\"580\" height=\"326\" src=\"https:\/\/etoilefcv2.karita.fr\/wp-content\/uploads\/2024\/06\/ville-frejus.jpeg\" class=\"attachment-large size-large wp-image-90\" alt=\"\" srcset=\"https:\/\/etoilefcv2.karita.fr\/wp-content\/uploads\/2024\/06\/ville-frejus.jpeg 1000w, https:\/\/etoilefcv2.karita.fr\/wp-content\/uploads\/2024\/06\/ville-frejus-300x169.jpeg 300w, https:\/\/etoilefcv2.karita.fr\/wp-content\/uploads\/2024\/06\/ville-frejus-768x432.jpeg 768w\" sizes=\"(max-width: 580px) 100vw, 580px\" \/>\t\t\t\t\t\t\t\t\t\t\t\t\t\t\t<\/div>\n\t\t\t\t<\/div>\n\t\t\t\t<\/div>\n\t\t<div data-particle_enable=\"false\" data-particle-mobile-disabled=\"false\" class=\"elementor-element elementor-element-79b1d91 e-con-full e-flex e-con e-child\" data-id=\"79b1d91\" data-element_type=\"container\" data-settings=\"{&quot;jet_parallax_layout_list&quot;:[]}\">\n\t\t\t\t<div class=\"elementor-element elementor-element-120c616 elementor-widget elementor-widget-image\" data-id=\"120c616\" data-element_type=\"widget\" data-widget_type=\"image.default\">\n\t\t\t\t<div class=\"elementor-widget-container\">\n\t\t\t\t\t\t\t\t\t\t\t\t\t\t\t<img loading=\"lazy\" decoding=\"async\" width=\"300\" height=\"300\" src=\"https:\/\/etoilefcv2.karita.fr\/wp-content\/uploads\/2024\/06\/Logo_Saint-Raphael_Var.png\" class=\"attachment-large size-large wp-image-238\" alt=\"\" srcset=\"https:\/\/etoilefcv2.karita.fr\/wp-content\/uploads\/2024\/06\/Logo_Saint-Raphael_Var.png 300w, https:\/\/etoilefcv2.karita.fr\/wp-content\/uploads\/2024\/06\/Logo_Saint-Raphael_Var-150x150.png 150w\" sizes=\"(max-width: 300px) 100vw, 300px\" \/>\t\t\t\t\t\t\t\t\t\t\t\t\t\t\t<\/div>\n\t\t\t\t<\/div>\n\t\t\t\t<\/div>\n\t\t<div data-particle_enable=\"false\" data-particle-mobile-disabled=\"false\" class=\"elementor-element elementor-element-d036e9d e-con-full e-flex e-con e-child\" data-id=\"d036e9d\" data-element_type=\"container\" data-settings=\"{&quot;jet_parallax_layout_list&quot;:[]}\">\n\t\t\t\t<div class=\"elementor-element elementor-element-4fb8cba elementor-widget elementor-widget-image\" data-id=\"4fb8cba\" data-element_type=\"widget\" data-widget_type=\"image.default\">\n\t\t\t\t<div class=\"elementor-widget-container\">\n\t\t\t\t\t\t\t\t\t\t\t\t\t\t\t<img loading=\"lazy\" decoding=\"async\" width=\"203\" height=\"90\" src=\"https:\/\/etoilefcv2.karita.fr\/wp-content\/uploads\/2024\/06\/Quentalys-1.png\" class=\"attachment-large size-large wp-image-302\" alt=\"\" \/>\t\t\t\t\t\t\t\t\t\t\t\t\t\t\t<\/div>\n\t\t\t\t<\/div>\n\t\t\t\t<\/div>\n\t\t\t\t<\/div>\n\t\t\t\t<\/div>\n\t\t\t\t<\/div>\n\t\t\t\t\t<\/div>\n\t\t\t\t<\/div>\n\t\t<div data-particle_enable=\"false\" data-particle-mobile-disabled=\"false\" class=\"elementor-element elementor-element-b651582 e-flex e-con-boxed e-con e-parent\" data-id=\"b651582\" data-element_type=\"container\" data-settings=\"{&quot;jet_parallax_layout_list&quot;:[]}\">\n\t\t\t\t\t<div class=\"e-con-inner\">\n\t\t\t\t<div class=\"elementor-element elementor-element-05a1fc7 elementor-widget elementor-widget-template\" data-id=\"05a1fc7\" data-element_type=\"widget\" data-widget_type=\"template.default\">\n\t\t\t\t<div class=\"elementor-widget-container\">\n\t\t\t\t\t\t\t<div class=\"elementor-template\">\n\t\t\t\t\t<div data-elementor-type=\"section\" data-elementor-id=\"182\" class=\"elementor elementor-182\" data-elementor-post-type=\"elementor_library\">\n\t\t\t<div data-particle_enable=\"false\" data-particle-mobile-disabled=\"false\" class=\"elementor-element elementor-element-6c0d124 e-flex e-con-boxed e-con e-parent\" data-id=\"6c0d124\" data-element_type=\"container\" data-settings=\"{&quot;jet_parallax_layout_list&quot;:[]}\">\n\t\t\t\t\t<div class=\"e-con-inner\">\n\t\t\t\t<div class=\"elementor-element elementor-element-3d0e4d8 elementor-widget elementor-widget-image\" data-id=\"3d0e4d8\" data-element_type=\"widget\" data-widget_type=\"image.default\">\n\t\t\t\t<div class=\"elementor-widget-container\">\n\t\t\t\t\t\t\t\t\t\t\t\t\t\t\t<img loading=\"lazy\" decoding=\"async\" width=\"52\" height=\"50\" src=\"https:\/\/etoilefcv2.karita.fr\/wp-content\/uploads\/2024\/06\/etoile.png\" class=\"attachment-large size-large wp-image-183\" alt=\"\" \/>\t\t\t\t\t\t\t\t\t\t\t\t\t\t\t<\/div>\n\t\t\t\t<\/div>\n\t\t\t\t\t<\/div>\n\t\t\t\t<\/div>\n\t\t\t\t<\/div>\n\t\t\t\t<\/div>\n\t\t\t\t\t\t<\/div>\n\t\t\t\t<\/div>\n\t\t\t\t\t<\/div>\n\t\t\t\t<\/div>\n\t\t\t\t<\/div>\n\t\t","protected":false},"excerpt":{"rendered":"<p>Acad\u00e9mie Les \u00e9quipes R2 D2 U20 R1 U18 R2 U17 R1 \/ D1 U16 R2 \/ D1 R\u00e9gional 2\u00a0 Entraineur(s) : KHELIL Khemissi &#8211; FONTUGNE Thomas Ligue m\u00e9diterran\u00e9e : Poule A Entrainement : Mardi : 19h00 &#8211; 21h00 Mercredi : 19h00 &#8211; 21h00 Vendredi : 19h00 &#8211; 21h00 D\u00e9partemental\u00a0 2\u00a0 Entraineur(s) : BOUCHER Eric Disctrict [&hellip;]<\/p>\n","protected":false},"author":2,"featured_media":0,"parent":0,"menu_order":0,"comment_status":"closed","ping_status":"closed","template":"elementor_header_footer","meta":{"footnotes":""},"class_list":["post-298","page","type-page","status-publish","hentry"],"_links":{"self":[{"href":"https:\/\/etoilefcv2.karita.fr\/index.php?rest_route=\/wp\/v2\/pages\/298","targetHints":{"allow":["GET"]}}],"collection":[{"href":"https:\/\/etoilefcv2.karita.fr\/index.php?rest_route=\/wp\/v2\/pages"}],"about":[{"href":"https:\/\/etoilefcv2.karita.fr\/index.php?rest_route=\/wp\/v2\/types\/page"}],"author":[{"embeddable":true,"href":"https:\/\/etoilefcv2.karita.fr\/index.php?rest_route=\/wp\/v2\/users\/2"}],"replies":[{"embeddable":true,"href":"https:\/\/etoilefcv2.karita.fr\/index.php?rest_route=%2Fwp%2Fv2%2Fcomments&post=298"}],"version-history":[{"count":34,"href":"https:\/\/etoilefcv2.karita.fr\/index.php?rest_route=\/wp\/v2\/pages\/298\/revisions"}],"predecessor-version":[{"id":3038,"href":"https:\/\/etoilefcv2.karita.fr\/index.php?rest_route=\/wp\/v2\/pages\/298\/revisions\/3038"}],"wp:attachment":[{"href":"https:\/\/etoilefcv2.karita.fr\/index.php?rest_route=%2Fwp%2Fv2%2Fmedia&parent=298"}],"curies":[{"name":"wp","href":"https:\/\/api.w.org\/{rel}","templated":true}]}}